 4*l - 92. What is the greatest common factor of 28 and z?
28
Let m be 4/((-40)/(-15) - 2). What is the greatest common divisor of 30 and m?
6
Suppose l - 3*z - 36 = 0, 2*l + 4*z - 92 = -0*z. What is the greatest common factor of l and 14?
14
Let o = 32 - 22. Let r(m) = -m**2 + 10*m + 11. Let k be r(o). Calculate the greatest common divisor of k and 77.
11
Let t be -3 - (-3 + 3 - -1). Let c(k) = -2*k - 1. Let l be c(t). What is the highest common factor of 28 and l?
7
Suppose 4*l - 4*h = 152, -2*l + 5*h = 2*h - 77. What is the greatest common factor of l and 37?
37
Suppose -2*c - d - 5 = -4*c, -5*c - 5*d = -5. Calculate the highest common divisor of c and 2.
2
Suppose 11 = 2*c - 187. What is the highest common factor of c and 11?
11
Suppose 2*q - q - 4*t = 108, -t = 3*q - 259. Calculate the highest common factor of q and 8.
8
Suppose 0*z = -z + 10. Let r be 1/((-1)/z)*-1. Calculate the greatest common factor of r and 110.
10
Let v be (-2)/(-10)*5 + 0 + 9. Calculate the greatest common factor of 110 and v.
10
Suppose -5*q - 15 = -5*w, -3*q = -w + 2 + 1. Suppose -2*p + 5*p - 825 = q. Suppose -v - p = -6*v. Calculate the highest common factor of v and 5.
5
Let u(j) = j**2 - 8*j + 2. Let h be u(8). Suppose 15 = 5*p - h*f - 38, -11 = -3*p - 4*f. Calculate the highest common factor of p and 45.
9
Let t(m) = -m**3 - 9*m**2 - 6*m - 2. Let d be t(-8). Suppose 3*n = -9 - 24. Let j = n - d. What is the greatest common divisor of 56 and j?
7
Suppose -2*n + 4*j = 0, 4*j - 5 = n - 3. Calculate the greatest common divisor of 34 and n.
2
Let o = -70 + 83. Let i be 93/7 + (-2)/7. Calculate the greatest common factor of i and o.
13
Suppose -5*v + 4*g + 9 + 127 = 0, 0 = -5*v - g + 116. What is the highest common divisor of 72 and v?
24
Suppose 5*l - x - 15 = 0, -3*l - 21 + 2 = 5*x. Suppose l*g + g = 30. Calculate the greatest common factor of g and 15.
5
Let g = -1 - 0. Let p be (96/20)/(g/(-5)). Calculate the highest common divisor of p and 6.
6
Let u be -1 + 1/(3/27). Let g be -4*18/(-10)*10. What is the greatest common divisor of g and u?
8
Let q be (-2)/8 + 282/8. Let f = -5 + 12. What is the highest common factor of f and q?
7
Let z be (-81)/(-12) + (-1)/(-4). Let s(t) = -6*t + 10. Let x be s(-3). Calculate the greatest common factor of x and z.
7
Suppose -2*q + 3*w = 3, 2*w - 3 = 2*q - 1. Suppose g + 0*g = q. Suppose g = 3*n + 6, y + 4*n = -1 - 0. Calculate the highest common divisor of y and 63.
7
Suppose 1320 = 2*x + 2*x. Suppose -2*m + 7 = -5*a + 153, 2*m - 4 = 0. What is the greatest common divisor of a and x?
30
Let i be 0 + -2 + -1 + -11. Let d be 2/i + (-150)/(-21). Calculate the greatest common divisor of 21 and d.
7
Let n(x) be the first derivative of -5*x**2/2 + 8*x + 1. Let b be n(-8). What is the highest common divisor of 6 and b?
6
Let x be 10*-4*6/(-16). What is the greatest common divisor of 12 and x?
3
Suppose 8*m + 3*n = 3*m - 1059, 635 = -3*m - 2*n. Let i = -129 - m. Calculate the highest common divisor of i and 12.
12
Let w be (-15)/((-1)/2*1). Let p be 189/(-5) - 15/75. Let i be p/(-5) - (-12)/w. Calculate the highest common factor of i and 40.
8
Let t = 116 - 106. Let o(s) = 2*s**3 + s**2 + 3*s - 1. Let d be o(2). What is the greatest common divisor of d and t?
5
Let a = 21 + -13. Suppose -q + 3*q = a. Calculate the highest common divisor of q and 32.
4
Let o(k) = 49*k - 18. Let q be o(13). Suppose 0 = 4*w - g - 615, 2*w = -2*w - 3*g + q. Calculate the highest common divisor of 14 and w.
14
Suppose 3*v - 139 = -4*m, -2*v - 1 = 3*m - 92. Suppose -5*b + v = -3*h, -2*b + 2*h + 42 = 6*h. What is the highest common factor of 143 and b?
13
Let t = 87 - 37. What is the greatest common divisor of 20 and t?
10
Suppose 2*x = -4 + 12. Suppose 0 = -5*j - x - 46. Let f be 4/j + (-47)/(-5). Calculate the greatest common factor of 81 and f.
9
Let n = 8 - -4. Let z = 11 - 9. Suppose -3*v - 3*x = -114, -3*v + 8*v = z*x + 176. Calculate the highest common divisor of n and v.
12
Let u(j) = -j**3 - j**2 + 11*j + 4. Let a be u(-5). Calculate the greatest common factor of a and 14.
7
Let h(d) = d + 6 + 5 + 23. Let z be h(0). What is the greatest common divisor of 51 and z?
17
Suppose 0 = s - 6*s - 3*d, s = d + 8. What is the greatest common factor of 12 and s?
3
Let c be ((-16)/(-12))/(2/36). Calculate the highest common factor of c and 12.
12
Suppose 5*p - h = 209 + 866, 0 = -3*h + 15. What is the greatest common factor of p and 27?
27
Let s = -205 + 113. Let f = 64 + s. Let y be ((-13)/(-2))/((-2)/f). What is the greatest common divisor of y and 13?
13
Let g be 1086/21 + (-4)/(-14). Let c = 346 + -333. What is the greatest common divisor of c and g?
13
Suppose 3*j - 41 = 40. What is the highest common factor of 3 and j?
3
Suppose 0 = 2*b - 6, 0 = a + 3*b + 45 - 362. Suppose -4*w + 128 = 2*f, -3*f - f + a = -5*w. Calculate the greatest common divisor of f and 48.
24
Suppose -x = 2*p + 193, -4*p + 78 = x + 273. Let l be x/(-9) - (-4)/(-18). What is the highest common factor of 7 and l?
7
Let s be 16/12*1*33. What is the greatest common divisor of s and 4?
4
Suppose -29 = -3*c + 61. Let m be (0 + -2)*(0 - 1). Suppose 0 = 2*i - u - 35, 0 = -0*i - 2*i - m*u + 50. Calculate the highest common divisor of c and i.
10
Let y(n) = n**2 + 13*n + 18. Let k be y(-13). What is the greatest common factor of k and 126?
18
Let y(v) = 122*v**2 + 39*v**2 - 6*v + 4*v + 3*v. Let f be y(-1). Calculate the greatest common factor of f and 20.
20
Let j(w) = -3*w - 14. Let u be j(-11). Let l = u + -8. Calculate the greatest common factor of l and 99.
11
Suppose -5*s - 14 = -54. Let r(f) = -7 + s*f - 2*f - f + f**2. Let b be r(-7). What is the greatest common divisor of b and 14?
7
Let o = 4 + -3. Suppose 17*b - m - 50 = 12*b, m = -5. Calculate the greatest common factor of b and o.
1
Suppose 3*t = -2*t - 155. Let x = -13 - t. What is the highest common divisor of 6 and x?
6
Let x = 1 - -1. Suppose -2*r + 52 = -4*c, -4*r + 0*c + 94 = x*c. Let m be (-70)/(-6) + 2/6. Calculate the greatest common divisor of r and m.
12
Let b(a) = 3*a**2 + 2*a - 2. Let y be b(-2). Suppose -t - 15 = -y*t. What is the highest common divisor of 2 and t?
1
Let k(g) = -g**3 + 3*g**2 + 4*g. Let q be k(4). Suppose 4*y - 20 = q, -2*y = 2*w + 2*y - 86. What is the highest common factor of w and 22?
11
Suppose 8 = 2*k + 2. Suppose -7*o + 16 = -k*o. Let a be o - (2 + (-2 - 3)). Calculate the highest common factor of 14 and a.
7
Let n be (-9 - -7) + (10 - -1). Let y = n + 3. Calculate the highest common factor of y and 60.
12
Let x(d) = -d**3 - d**2. Let h be x(-1). Suppose h = -u - 0 + 5. What is the greatest common factor of 25 and u?
5
Let v(h) be the second derivative of -h**2 - 13/3*h**3 + 0 - 4*h. Let d be v(-2). Calculate the highest common divisor of d and 20.
10
Let a = 10 + -5. Suppose a*i + 30 = -0*i. Let h be 2 + i/3*-17. Calculate the greatest common divisor of 9 and h.
9
Let j = -17 - -33. Calculate the highest common divisor of j and 80.
16
Suppose 0*q = q - 3. What is the highest common factor of q and 12?
3
Suppose 0 = -5*l + 13 + 42. Let h be 26*(43/2 - -2). Suppose -h = -5*w + 3*t, 0 = -w - 3*t + 115. Calculate the greatest common divisor of w and l.
11
Suppose -4*w + 50 = 5*x, -5*x + 2*x - 5*w + 30 = 0. Suppose 3*u - x - 5 = 0. Calculate the highest common divisor of 35 and u.
5
Let t = 221 - 32. Let i = t + -108. Let v be 2/4 - i/(-6). Calculate the greatest common factor of 98 and v.
14
Suppose -4*n - 5*f + 9 = 0, -n = 3*f - 1 - 10. Let x be 32/6*(-18)/n. Calculate the highest common factor of x and 8.
8
Suppose -2*d - 19 = 29. Let l = 43 + d. Let k(n) = n + 171. Let j be k(0). Calculate the highest common factor of l and j.
19
Suppose -4*a = -12, -2*j + 2*a - 4 = 2. Suppose -2*g = -z - 13 - j, g + 3*z = 17. Calculate the highest common divisor of 72 and g.
8
Let t(q) = 3*q**2 - q - 2. Let r be t(-3). What is the greatest common divisor of r and 308?
28
Suppose 0 = -2*b - 0*b + 172. Let u = b + -54. What is the highest common factor of u and 4?
4
Let h = -5 - -7. Suppose -w - 4 = -h*w. Let a be w/22 + (-282)/(-22). What is the greatest common divisor of 117 and a?
13
Let p be (-18)/(-6) + (-2 - -19). Calculate the highest common divisor of 140 and p.
20
Let b be (-2)/(-2) - (4 - 5). Supp